What is the remainder when 8887 is divided by 342?
337
What is the remainder when 191 is divided by 11?
4
Calculate the remainder when 834 is divided by 415.
4
What is the remainder when 551 is divided by 539?
12
What is the remainder when 1788 is divided by 119?
3
Calculate the remainder when 3485 is divided by 79.
9
Calculate the remainder when 260 is divided by 29.
28
Calculate the remainder when 27 is divided by 17.
10
What is the remainder when 142 is divided by 25?
17
Calculate the remainder when 666 is divided by 4.
2
What is the remainder when 351 is divided by 165?
21
What is the remainder when 258 is divided by 39?
24
Calculate the remainder when 273 is divided by 65.
13
What is the remainder when 526 is divided by 253?
20
What is the remainder when 310 is divided by 155?
0
What is the remainder when 851 is divided by 66?
59
Calculate the remainder when 33437 is divided by 17.
15
What is the remainder when 127 is divided by 55?
17
What is the remainder when 836 is divided by 222?
170
Calculate the remainder when 127 is divided by 41.
4
What is the remainder when 1885 is divided by 34?
15
Calculate the remainder when 4984 is divided by 263.
250
Calculate the remainder when 162 is divided by 55.
52
What is the remainder when 256 is divided by 20?
16
Calculate the remainder when 121 is divided by 58.
5
Calculate the remainder when 98 is divided by 10.
8
Calculate the remainder when 724 is divided by 192.
148
Calculate the remainder when 774 is divided by 142.
64
What is the remainder when 205 is divided by 20?
5
What is the remainder when 64 is divided by 26?
12
Calculate the remainder when 302 is divided by 16.
14
What is the remainder when 226 is divided by 77?
72
What is the remainder when 57 is divided by 12?
9
What is the remainder when 92 is divided by 63?
29
What is the remainder when 142 is divided by 2?
0
Calculate the remainder when 170 is divided by 38.
18
What is the remainder when 338 is divided by 108?
14
What is the remainder when 95 is divided by 1?
0
What is the remainder when 61 is divided by 59?
2
What is the remainder when 726 is divided by 226?
48
Calculate the remainder when 438 is divided by 66.
42
What is the remainder when 360 is divided by 121?
118
Calculate the remainder when 1805 is divided by 76.
57
Calculate the remainder when 403 is divided by 18.
7
Calculate the remainder when 49 is divided by 10.
9
Calculate the remainder when 358 is divided by 28.
22
What is the remainder when 38 is divided by 6?
2
What is the remainder when 219 is divided by 6?
3
What is the remainder when 1938 is divided by 275?
13
What is the remainder when 229 is divided by 60?
49
Calculate the remainder when 420 is divided by 47.
44
Calculate the remainder when 63 is divided by 14.
7
What is the remainder when 222 is divided by 74?
0
What is the remainder when 38 is divided by 1?
0
What is the remainder when 385 is divided by 102?
79
Calculate the remainder when 34986 is divided by 109.
106
Calculate the remainder when 190 is divided by 75.
40
What is the remainder when 3418 is divided by 38?
36
What is the remainder when 115 is divided by 104?
11
What is the remainder when 24595 is divided by 143?
142
What is the remainder when 112 is divided by 19?
17
What is the remainder when 597 is divided by 15?
12
Calculate the remainder when 515 is divided by 5.
0
Calculate the remainder when 484 is divided by 67.
15
What is the remainder when 550 is divided by 6?
4
What is the remainder when 1432 is divided by 7?
4
Calculate the remainder when 776 is divided by 156.
152
What is the remainder when 74 is divided by 24?
2
What is the remainder when 167 is divided by 34?
31
Calculate the remainder when 3473 is divided by 94.
89
What is the remainder when 881 is divided by 126?
125
Calculate the remainder when 192 is divided by 28.
24
What is the remainder when 87 is divided by 87?
0
What is the remainder when 1222 is divided by 8?
6
Calculate the remainder when 80 is divided by 6.
2
Calculate the remainder when 278 is divided by 44.
14
Calculate the remainder when 517 is divided by 6.
1
What is the remainder when 4791 is divided by 1193?
19
What is the remainder when 285 is divided by 9?
6
What is the remainder when 4570 is divided by 102?
82
What is the remainder when 153 is divided by 117?
36
Calculate the remainder when 81 is divided by 51.
30
What is the remainder when 62 is divided by 12?
2
What is the remainder when 5370 is divided by 22?
2
Calculate the remainder when 61 is divided by 40.
21
What is the remainder when 963 is divided by 69?
66
What is the remainder when 259 is divided by 63?
7
What is the remainder when 232 is divided by 205?
27
Calculate the remainder when 627 is divided by 14.
11
Calculate the remainder when 3513 is divided by 701.
8
Calculate the remainder when 4899 is divided by 13.
11
What is the remainder when 150 is divided by 13?
7
Calculate the remainder when 127 is divided by 25.
2
What is the remainder when 205 is divided by 16?
13
What is the remainder when 4180 is divided by 34?
32
Calculate the remainder when 105 is divided by 18.
15
Calculate the remainder when 725 is divided by 21.
11
Calculate the remainder when 2658 is divided by 54.
12
Calculate the remainder when 64 is divided by 5.
4
What is the remainder when 885 is divided by 36?
21
Calculate the remainder when 753 is divided by 78.
51
Calculate the remainder when 2733 is divided by 27.
6
Calculate the remainder when 581 is divided by 75.
56
What is the remainder when 135 is divided by 127?
8
Calculate the remainder when 424 is divided by 403.
21
Calculate the remainder when 176 is divided by 9.
5
What is the remainder when 153 is divided by 43?
24
What is the remainder when 124 is divided by 20?
4
Calculate the remainder when 518 is divided by 40.
38
Calculate the remainder when 91 is divided by 20.
11
Calculate the remainder when 433 is divided by 62.
61
What is the remainder when 3209 is divided by 100?
9
Calculate the remainder when 25 is divided by 8.
1
What is the remainder when 968 is divided by 23?
2
What is the remainder when 349 is divided by 117?
115
Calculate the remainder when 4391 is divided by 18.
17
What is the remainder when 2794 is divided by 14?
8
What is the remainder when 951 is divided by 159?
156
What is the remainder when 326 is divided by 159?
8
Calculate the remainder when 2389 is divided by 4.
1
Calculate the remainder when 359 is divided by 38.
17
What is the remainder when 196 is divided by 130?
66
What is the remainder when 91 is divided by 58?
33
What is the remainder when 63 is divided by 34?
29
What is the remainder when 1701 is divided by 8?
5
Calculate the remainder when 159 is divided by 18.
15
What is the remainder when 3942 is divided by 58?
56
What is the remainder when 1765 is divided by 1753?
12
Calculate the remainder when 1388 is divided by 457.
17
Calculate the remainder when 271 is divided by 85.
16
What is the remainder when 293 is divided by 100?
93
What is the remainder when 42 is divided by 4?
2
What is the remainder when 1718 is divided by 340?
18
Calculate the remainder when 169 is divided by 35.
29
Calculate the remainder when 523 is divided by 88.
83
What is the remainder when 92 is divided by 50?
42
Calculate the remainder when 49 is divided by 17.
15
Calculate the remainder when 519 is divided by 26.
25
Calculate the remainder when 206 is divided by 69.
68
Calculate the remainder when 690 is divided by 32.
18
What is the remainder when 78 is divided by 24?
6
Calculate the remainder when 300 is divided by 94.
18
Calculate the remainder when 695 is divided by 41.
39
What is the remainder when 14057 is divided by 17?
15
Calculate the remainder when 90 is divided by 24.
18
What is the remainder when 4329 is divided by 8?
1
Calculate the remainder when 89 is divided by 36.
17
Calculate the remainder when 1995 is divided by 50.
45
What is the remainder when 332 is divided by 56?
52
Calculate the remainder when 160 is divided by 61.
38
Calculate the remainder when 71 is divided by 44.
27
What is the remainder when 44 is divided by 9?
8
Calculate the remainder when 2192 is divided by 1078.
36
What is the remainder when 588 is divided by 8?
4
What is the remainder when 287 is divided by 140?
7
What